hen 188167364 is divided by 463?
460
Calculate the remainder when 86434 is divided by 1012.
414
What is the remainder when 320050295 is divided by 2605?
2600
What is the remainder when 151550961 is divided by 110?
1
What is the remainder when 4799483 is divided by 64?
59
What is the remainder when 75134 is divided by 30?
14
What is the remainder when 15971634 is divided by 570415?
14
What is the remainder when 42037 is divided by 2145?
1282
What is the remainder when 41055588 is divided by 595?
588
Calculate the remainder when 2929635 is divided by 30516.
99
What is the remainder when 517522 is divided by 258709?
104
Calculate the remainder when 491613 is divided by 1311.
1299
What is the remainder when 139699671 is divided by 51?
12
What is the remainder when 12350344 is divided by 2058379?
70
Calculate the remainder when 1627277 is divided by 542385.
122
What is the remainder when 336906 is divided by 42005?
866
Calculate the remainder when 782290 is divided by 3690.
10
Calculate the remainder when 34674409 is divided by 56.
49
Calculate the remainder when 18047269 is divided by 28.
9
What is the remainder when 11468677 is divided by 237?
10
Calculate the remainder when 259541 is divided by 610.
291
What is the remainder when 4441378 is divided by 947?
895
What is the remainder when 489373701 is divided by 27?
24
Calculate the remainder when 1127372 is divided by 2296.
36
Calculate the remainder when 839761 is divided by 32.
17
What is the remainder when 3455594 is divided by 297?
296
What is the remainder when 1176666 is divided by 9634?
1318
What is the remainder when 657439 is divided by 328707?
25
Calculate the remainder when 6005227 is divided by 343.
326
What is the remainder when 10342166 is divided by 154360?
46
Calculate the remainder when 155947 is divided by 5194.
127
What is the remainder when 8940 is divided by 1190?
610
Calculate the remainder when 2913 is divided by 600.
513
Calculate the remainder when 4955442 is divided by 213.
210
Calculate the remainder when 4508303 is divided by 46003.
9
What is the remainder when 12408753 is divided by 148?
137
Calculate the remainder when 2145179 is divided by 10.
9
Calculate the remainder when 123878 is divided by 4680.
2198
Calculate the remainder when 2236315 is divided by 4708.
15
Calculate the remainder when 38307833 is divided by 97.
11
What is the remainder when 1883246 is divided by 1061?
1032
What is the remainder when 110355 is divided by 994?
21
Calculate the remainder when 62221865 is divided by 96468.
5
Calculate the remainder when 2383342 is divided by 148957.
30
What is the remainder when 34057821 is divided by 6?
3
What is the remainder when 20594362 is divided by 304?
186
Calculate the remainder when 127591 is divided by 42521.
28
Calculate the remainder when 80442990 is divided by 20110740.
30
What is the remainder when 164281 is divided by 449?
396
What is the remainder when 9292256 is divided by 31?
6
Calculate the remainder when 2501092 is divided by 829.
828
Calculate the remainder when 374981 is divided by 526.
469
Calculate the remainder when 6378419 is divided by 2126112.
83
What is the remainder when 211010 is divided by 649?
85
What is the remainder when 20076596 is divided by 2147?
2146
Calculate the remainder when 388126681 is divided by 71.
69
What is the remainder when 6930188 is divided by 8380?
8308
Calculate the remainder when 124536599 is divided by 90.
89
What is the remainder when 82331245 is divided by 86939?
12
Calculate the remainder when 4854407 is divided by 52765.
27
What is the remainder when 37438 is divided by 18578?
282
What is the remainder when 2079910 is divided by 357?
28
What is the remainder when 556502495 is divided by 48?
47
Calculate the remainder when 423679 is divided by 421755.
1924
What is the remainder when 428385 is divided by 47560?
345
Calculate the remainder when 2089239 is divided by 696206.
621
What is the remainder when 464968 is divided by 464175?
793
What is the remainder when 25474612 is divided by 378?
58
What is the remainder when 9353 is divided by 3102?
47
What is the remainder when 930959 is divided by 77561?
227
What is the remainder when 664428 is divided by 87?
9
What is the remainder when 1689068 is divided by 121?
29
Calculate the remainder when 9739745 is divided by 324655.
95
What is the remainder when 38957816 is divided by 2643?
2639
Calculate the remainder when 200403474 is divided by 22.
18
What is the remainder when 3614237 is divided by 1047?
1040
What is the remainder when 76797 is divided by 37647?
1503
What is the remainder when 936101 is divided by 781?
463
What is the remainder when 149059 is divided by 47?
22
Calculate the remainder when 765957 is divided by 10.
7
Calculate the remainder when 25948906 is divided by 286.
126
Calculate the remainder when 50868 is divided by 877.
2
What is the remainder when 901395 is divided by 256?
19
Calculate the remainder when 368631 is divided by 1244.
407
What is the remainder when 325886 is divided by 1545?
1436
Calculate the remainder when 2266325 is divided by 17038.
271
Calculate the remainder when 1197355 is divided by 19.
13
Calculate the remainder when 1277575 is divided by 318891.
2011
Calculate the remainder when 2315246 is divided by 270.
266
What is the remainder when 121845 is divided by 3345?
1425
Calculate the remainder when 71971841 is divided by 2052.
2045
Calculate the remainder when 71602362 is divided by 1073.
1072
What is the remainder when 155159490 is divided by 39?
18
Calculate the remainder when 66087 is divided by 250.
87
Calculate the remainder when 210169 is divided by 359.
154
What is the remainder when 192512 is divided by 3665?
1932
Calculate the remainder when 11989141 is divided by 151761.
22
What is the remainder when 67578658 is divided by 738?
736
What is the remainder when 103711 is divided by 27?
4
Calculate the remainder when 62316 is divided by 1889.
1868
Calculate the remainder when 71688402 is divided by 32263.
16
What is the remainder when 30165407 is divided by 728?
727
Calculate the remainder when 181418286 is divided by 136.
134
Calculate the remainder when 2299 is divided by 491.
335
Calculate the remainder when 319961783 is divided by 4196.
4195
What is the remainder when 51976 is divided by 25608?
760
What is the remainder when 757091 is divided by 225?
191
Calculate the remainder when 27812507 is divided by 91.
86
Calculate the remainder when 16146900 is divided by 1753.
17
Calculate the remainder when 948053 is divided by 1370.
13
Calculate the remainder when 7432709 is divided by 13.
11
What is the remainder when 471413 is divided by 359?
46
Calculate the remainder when 787825 is divided by 35807.
71
What is the remainder when 3004872 is divided by 75?
72
What is the remainder when 1214975 is divided by 220?
135
Calculate the remainder when 2148754 is divided by 29843.
58
What is the remainder when 5849083 is divided by 56?
51
Calculate the remainder when 33967 is divided by 1578.
829
Calculate the remainder when 93643 is divided by 1864.
443
Calculate the remainder when 16475991 is divided by 3000.
2991
What is the remainder when 113882553 is divided by 12?
9
What is the remainder when 290181 is divided by 437?
13
Calculate the remainder when 324313 is divided by 162144.
25
What is the remainder when 2181710 is divided by 38265?
605
Calculate the remainder when 42379931 is divided by 14.
13
Calculate the remainder when 298221 is divided by 49699.
27
What is the remainder when 3296685 is divided by 824165?
25
Calculate the remainder when 11156713 is divided by 11156697.
16
What is the remainder when 3360266 is divided by 27?
8
What is the remainder when 347233 is divided by 2079?
40
What is the remainder when 195890602 is divided by 39?
37
What is the remainder when 410509 is divided by 14658?
85
Calculate the remainder when 7942 is divided by 2479.
505
What is the remainder when 139434 is divided by 5053?
3003
What is the remainder when 4614132 is divided by 26983?
39
What is the remainder when 4106306 is divided by 9375?
56
What is the remainder when 20396136 is divided by 310?
306
What is the remainder when 1194970 is divided by 1137?
1120
What is the remainder when 1413479 is divided by 4319?
1166